{"id":30,"date":"2023-06-14T11:57:49","date_gmt":"2023-06-14T11:57:49","guid":{"rendered":"https:\/\/www.eck160.de\/?page_id=30"},"modified":"2024-08-13T08:31:15","modified_gmt":"2024-08-13T08:31:15","slug":"eck-160-menschen","status":"publish","type":"page","link":"https:\/\/www.eck160.de\/?page_id=30","title":{"rendered":"Eck 160"},"content":{"rendered":"\n<p><strong>Unsere Geschichte<\/strong><\/p>\n\n\n\n<div class=\"wp-block-columns is-layout-flex wp-container-core-columns-is-layout-28f84493 wp-block-columns-is-layout-flex\">\n<div class=\"wp-block-column is-layout-flow wp-block-column-is-layout-flow\">\n<p>Als Werner Giesen 1970 seine 36 Turnerinnen des Eintracht 02 Eckesey f\u00fcr eine Veranstaltung zu einer<br>Gesangseinlage motivierte, ahnte er sicherlich noch nicht, wohin das f\u00fchren w\u00fcrde. Werner Giesen hatte nach dem Krieg mit seiner Frau Magda ein kleines Textilgesch\u00e4ft gegr\u00fcndet, aus dem sp\u00e4ter das Kaufhaus Giesen erwuchs. Schon immer hatte er sich f\u00fcr die Jugend in seinem Bezirk eingesetzt. <\/p>\n\n\n\n<p>Die Gesangseinlage an jenem Abend traf auf ein begeistertes Publikum. So gr\u00fcndete Werner Giesen am<\/p>\n\n\n\n<p> 7. Dezember 1970 mit den 36<br>Turnerinnen den M\u00e4dchenchor <strong>&#8222;Hagener Volmespatzen&#8220;.<\/strong><\/p>\n<\/div>\n\n\n\n<div class=\"wp-block-column is-layout-flow wp-block-column-is-layout-flow\">\n<figure class=\"wp-block-image size-full\"><img loading=\"lazy\" decoding=\"async\" width=\"512\" height=\"906\" src=\"https:\/\/www.eck160.de\/wp-content\/uploads\/2023\/08\/historisch_collage_gross.jpg\" alt=\"\" class=\"wp-image-101\" srcset=\"https:\/\/www.eck160.de\/wp-content\/uploads\/2023\/08\/historisch_collage_gross.jpg 512w, https:\/\/www.eck160.de\/wp-content\/uploads\/2023\/08\/historisch_collage_gross-170x300.jpg 170w\" sizes=\"auto, (max-width: 512px) 100vw, 512px\" \/><\/figure>\n<\/div>\n<\/div>\n\n\n\n<div class=\"wp-block-columns is-layout-flex wp-container-core-columns-is-layout-28f84493 wp-block-columns-is-layout-flex\">\n<div class=\"wp-block-column is-layout-flow wp-block-column-is-layout-flow\">\n<figure class=\"wp-block-image size-full\"><img loading=\"lazy\" decoding=\"async\" width=\"500\" height=\"288\" src=\"https:\/\/www.eck160.de\/wp-content\/uploads\/2023\/08\/karte_kl.jpg\" alt=\"\" class=\"wp-image-93\" srcset=\"https:\/\/www.eck160.de\/wp-content\/uploads\/2023\/08\/karte_kl.jpg 500w, https:\/\/www.eck160.de\/wp-content\/uploads\/2023\/08\/karte_kl-300x173.jpg 300w\" sizes=\"auto, (max-width: 500px) 100vw, 500px\" \/><\/figure>\n\n\n\n<figure class=\"wp-block-image size-full\"><img loading=\"lazy\" decoding=\"async\" width=\"500\" height=\"348\" src=\"https:\/\/www.eck160.de\/wp-content\/uploads\/2023\/08\/30jahre2000_kl.jpg\" alt=\"\" class=\"wp-image-91\" srcset=\"https:\/\/www.eck160.de\/wp-content\/uploads\/2023\/08\/30jahre2000_kl.jpg 500w, https:\/\/www.eck160.de\/wp-content\/uploads\/2023\/08\/30jahre2000_kl-300x209.jpg 300w\" sizes=\"auto, (max-width: 500px) 100vw, 500px\" \/><\/figure>\n<\/div>\n\n\n\n<div class=\"wp-block-column is-layout-flow wp-block-column-is-layout-flow\">\n<p>Der Chor wuchs stetig und gewann an Anerkennung, national wie international. Werner Giesen<br>reiste mit seinen M\u00e4dchen durch die ganze Welt, Kanada, USA, Griechenland und in viele andere L\u00e4nder. <\/p>\n\n\n\n<p>Das Haus an der Eckeseyer Str. 160 wurde 1995 gekauft und war fortan der Dreh- und Angelpunkt. Mitglieder, Freunde und Helfer renovierten und halfen, um dem &#8222;Haus des Liedes&#8220; zu neuem Glanz zu verhelfen.<br>Werner Giesens Engagement wurde an vielen Stellen gew\u00fcrdigt, 1991 erhielt er das Bundesverdienstkreuz am Bande.<br>Eine Audienz beim Papst Johannes Paul II 1984 war sicherlich einer der emotionalsten H\u00f6hepunkte.<\/p>\n\n\n\n<p>Vor 180 000 Pilgern sang der Chor das von Werner Giesen geschriebene<br>Friedenslied auf dem Petersplatz in Rom.<\/p>\n<\/div>\n<\/div>\n\n\n\n<p class=\"has-text-align-right\"><img loading=\"lazy\" decoding=\"async\" width=\"450\" height=\"124\" class=\"wp-image-84\" style=\"width: 450px;\" src=\"https:\/\/www.eck160.de\/wp-content\/uploads\/2023\/08\/logo_acm_web.jpg\" alt=\"\" srcset=\"https:\/\/www.eck160.de\/wp-content\/uploads\/2023\/08\/logo_acm_web.jpg 499w, https:\/\/www.eck160.de\/wp-content\/uploads\/2023\/08\/logo_acm_web-300x82.jpg 300w\" sizes=\"auto, (max-width: 450px) 100vw, 450px\" \/><\/p>\n\n\n\n<p>Aus den M\u00e4dchenchor \u201eVolmespatzen\u201c wurde die Akademie f\u00fcr Chor und Musik, nachdem die M\u00e4dchen zu Damen geworden , und einige Knaben und M\u00e4nner dazu gekommen sind.<br>Zum Chor kamen zus\u00e4tzlich Musiker und eine Kinderband.<br>Um den Verein mit dem weiteren Mitgliederschwund erhalten zu k\u00f6nnen, haben wir das Heim ge\u00f6ffnet und sogar an Dritte vermietet.<\/p>\n\n\n\n<p>Mit viel Elan und tatkr\u00e4ftiger Unterst\u00fctzung wurde das Heim entr\u00fcmpelt und St\u00fcck f\u00fcr St\u00fcck renoviert. Das Aufnahmestudio wurde abgebaut und der Probenraum wieder frei bel\u00fcftet.<br>Wir haben die R\u00e4ume bereits teilweise mehrfach renoviert und umgebaut, neue Beleuchtungen und Sanit\u00e4ranlagen eingebaut und sogar die Fenster erneuert. Der Hof wurde wieder reaktiviert und viele Grillabende f\u00fchrten zum besseren Kennenlernen und Gemeinsinn.<\/p>\n\n\n\n<p>Mit dem Einzug der NWV, die Naturwissenschaftliche Vereinigung, haben wir einen weiteren wesentlichen Schritt vollzogen, um das Heim dauerhaft einer besseren Nutzung zuzuf\u00fchren.<\/p>\n\n\n\n<p>Es wurden viele Konzerte gegeben, an \u201eMeistersingen\u201c des Chorverbandes erfolgreich teilgenommen und wieder gereist. Das Highlight war unsere Fahrt nach Sylt mit Konzerten in der Muschel.<br>Leider hat die Regierung mit der G8 Regelung und dem Ganztag ma\u00dfgebliche Einschnitte in das gesamte Vereinsleben gezogen, so dass viele Kinder und Jugendliche keine Zeit mehr f\u00fcr Freizeitaktivit\u00e4ten hatten. Damit entfiel auch ein wichtiger Teil der pers\u00f6nlichen F\u00f6rderung durch die Vereine. So konnten wir zeitweise durch einen Erwachsenenchor ein weiteres Schrumpfen abfedern.<\/p>\n\n\n\n<p>Leider kamen dann CORONA, das Hochwasser und die Energiekrise dazu und haben an unserem Verein ger\u00fcttelt. Aber jede Krise birgt auch Chancen. So fanden sich viele, viele Helfer:innen ein, um das Vereinsheim zu retten und haben einen grandiosen Einsatz erbracht.<\/p>\n\n\n\n<p>Die Gitarrengruppen haben sich erfolgreich etabliert und auch die Sp\u00e4tz\u00fcnder, unsere Bl\u00e4sertruppe hat eine Heimat gefunden.<\/p>\n\n\n\n<p>Als letztes haben sich sogar unsere syrischen Freund:innen zum musizieren hier eingefunden und k\u00f6nnen sich bei uns ausleben.<\/p>\n","protected":false},"excerpt":{"rendered":"<p>Unsere Geschichte Als Werner Giesen 1970 seine 36 Turnerinnen des Eintracht 02 Eckesey f\u00fcr eine Veranstaltung zu einerGesangseinlage motivierte, ahnte er sicherlich noch nicht, wohin das f\u00fchren w\u00fcrde. Werner Giesen hatte nach dem Krieg mit seiner Frau Magda ein kleines Textilgesch\u00e4ft gegr\u00fcndet, aus dem sp\u00e4ter das Kaufhaus Giesen erwuchs. Schon immer hatte er sich f\u00fcr [&hellip;]<\/p>\n","protected":false},"author":2,"featured_media":0,"parent":0,"menu_order":0,"comment_status":"closed","ping_status":"closed","template":"","meta":{"footnotes":""},"class_list":["post-30","page","type-page","status-publish","hentry"],"_links":{"self":[{"href":"https:\/\/www.eck160.de\/index.php?rest_route=\/wp\/v2\/pages\/30","targetHints":{"allow":["GET"]}}],"collection":[{"href":"https:\/\/www.eck160.de\/index.php?rest_route=\/wp\/v2\/pages"}],"about":[{"href":"https:\/\/www.eck160.de\/index.php?rest_route=\/wp\/v2\/types\/page"}],"author":[{"embeddable":true,"href":"https:\/\/www.eck160.de\/index.php?rest_route=\/wp\/v2\/users\/2"}],"replies":[{"embeddable":true,"href":"https:\/\/www.eck160.de\/index.php?rest_route=%2Fwp%2Fv2%2Fcomments&post=30"}],"version-history":[{"count":6,"href":"https:\/\/www.eck160.de\/index.php?rest_route=\/wp\/v2\/pages\/30\/revisions"}],"predecessor-version":[{"id":269,"href":"https:\/\/www.eck160.de\/index.php?rest_route=\/wp\/v2\/pages\/30\/revisions\/269"}],"wp:attachment":[{"href":"https:\/\/www.eck160.de\/index.php?rest_route=%2Fwp%2Fv2%2Fmedia&parent=30"}],"curies":[{"name":"wp","href":"https:\/\/api.w.org\/{rel}","templated":true}]}}