{"id":32,"date":"2023-06-14T11:58:16","date_gmt":"2023-06-14T11:58:16","guid":{"rendered":"https:\/\/www.eck160.de\/?page_id=32"},"modified":"2024-08-13T08:33:53","modified_gmt":"2024-08-13T08:33:53","slug":"haus-der-kultur","status":"publish","type":"page","link":"https:\/\/www.eck160.de\/?page_id=32","title":{"rendered":"Haus der Kultur"},"content":{"rendered":"\n<p><strong>WIR sind bunt!<\/strong><\/p>\n\n\n\n<div class=\"wp-block-columns is-layout-flex wp-container-core-columns-is-layout-28f84493 wp-block-columns-is-layout-flex\">\n<div class=\"wp-block-column is-layout-flow wp-block-column-is-layout-flow\">\n<p>WIR, sind nicht mehr der M\u00e4dchenchor, sondern BUNT. Bei uns wird das gelebt, wovon andere sprechen.<br>Hier wird etwas getan, gemeinsam und mit Freude. Hier z\u00e4hlt das WIR.<\/p>\n<\/div>\n\n\n\n<div class=\"wp-block-column is-layout-flow wp-block-column-is-layout-flow\">\n<figure class=\"wp-block-image size-full\"><img loading=\"lazy\" decoding=\"async\" width=\"500\" height=\"363\" src=\"https:\/\/www.eck160.de\/wp-content\/uploads\/2023\/08\/sylt_2013_kl.jpg\" alt=\"Chor Sylt 2013\" class=\"wp-image-95\" srcset=\"https:\/\/www.eck160.de\/wp-content\/uploads\/2023\/08\/sylt_2013_kl.jpg 500w, https:\/\/www.eck160.de\/wp-content\/uploads\/2023\/08\/sylt_2013_kl-300x218.jpg 300w\" sizes=\"auto, (max-width: 500px) 100vw, 500px\" \/><figcaption class=\"wp-element-caption\">Sylt 2013<\/figcaption><\/figure>\n<\/div>\n<\/div>\n\n\n\n<div class=\"wp-block-columns is-layout-flex wp-container-core-columns-is-layout-28f84493 wp-block-columns-is-layout-flex\">\n<div class=\"wp-block-column is-layout-flow wp-block-column-is-layout-flow\">\n<figure class=\"wp-block-image size-full\"><img loading=\"lazy\" decoding=\"async\" width=\"1000\" height=\"715\" src=\"https:\/\/www.eck160.de\/wp-content\/uploads\/2023\/08\/menden.jpg\" alt=\"Chor Menden\" class=\"wp-image-94\" srcset=\"https:\/\/www.eck160.de\/wp-content\/uploads\/2023\/08\/menden.jpg 1000w, https:\/\/www.eck160.de\/wp-content\/uploads\/2023\/08\/menden-300x215.jpg 300w, https:\/\/www.eck160.de\/wp-content\/uploads\/2023\/08\/menden-768x549.jpg 768w\" sizes=\"auto, (max-width: 1000px) 100vw, 1000px\" \/><figcaption class=\"wp-element-caption\">Menden<\/figcaption><\/figure>\n<\/div>\n\n\n\n<div class=\"wp-block-column is-layout-flow wp-block-column-is-layout-flow\">\n<p><strong>WIR <\/strong>sind BUNT und haben Respekt!<br>&nbsp;<br><strong>WIR<\/strong> bleiben und wachsen.<br><strong>WIR<\/strong> f\u00f6rdern und schaffen R\u00e4ume.<br><strong>WIR<\/strong> setzen Zeichen und <br>          pr\u00e4sentieren uns.<br><strong>WIR <\/strong>gehen wieder auf Reisen.<\/p>\n<\/div>\n<\/div>\n\n\n\n<p><strong>WIR <\/strong>engagieren uns, zeigen Dank in Seniorenheimen, Kinderkliniken,  Demenzstationen, \u2026<\/p>\n\n\n\n<p><strong>WIR <\/strong>freuen uns auf viele weitere Jahre in unserem offenen Vereinsheim, unserem Eck 160.<\/p>\n\n\n\n<p><br>Den Sauerl\u00e4nder M\u00e4dchenchor hat nach 30 erfolgreichen Jahren die Zeit \u00fcberholt. Werner und Magda Giesen mussten altersbedingt ihr Lebenswerk verlassen. Die Volmespatzen mussten sich neu erfinden, um zu \u00fcberleben.<br>Der Verein und das Vereinsheim wurde komplett \u201eentr\u00fcmpelt\u201c und neu aufgestellt.<\/p>\n\n\n\n<p class=\"has-text-align-right\"> <img loading=\"lazy\" decoding=\"async\" width=\"400\" height=\"110\" class=\"wp-image-96\" style=\"width: 400px;\" src=\"https:\/\/www.eck160.de\/wp-content\/uploads\/2023\/08\/logo_acm_web.png\" alt=\"\" srcset=\"https:\/\/www.eck160.de\/wp-content\/uploads\/2023\/08\/logo_acm_web.png 499w, https:\/\/www.eck160.de\/wp-content\/uploads\/2023\/08\/logo_acm_web-300x82.png 300w\" sizes=\"auto, (max-width: 400px) 100vw, 400px\" \/><\/p>\n\n\n\n<p>Die Akademie f\u00fcr Chor und Musik wurde 2010 \u201egeboren\u201c und der Verein \u201ege\u00f6ffnet\u201c.<\/p>\n\n\n\n<p><br>Der Verein konnte nun wieder neue Mitglieder gewinnen, denn von den einst \u00fcber 100 Mitgliedern war nur noch eine Kerntruppe von ca. 15 Mitgliedern \/ &lt; 10 S\u00e4ngerinnen \u00fcbrig!<br>.Es wurden neue Ch\u00f6re \u2013 alt und jung \u2013 und Musical-Projekte aufgebaut.<br>In 2013 waren wieder \u00fcber 80 Mitglieder \/ S\u00e4nger:innen aktiv!<br>Um das Vereinsheim weiter finanzieren zu k\u00f6nnen und zu \u201ebeleben\u201c wurde die Vermietung forciert. Die NWV, Naturwissenschaftliche Vereinigung Hagen, brauchte einen neuen Sitz und zog ein.<\/p>\n\n\n\n<p>Das \u201eEck 160\u201c wurde zu einem <strong>Treffpunkt von \u201eNatur und Musik\u201c! <\/strong>Weitere Gruppen, wie die Gitarren, die Sp\u00e4tz\u00fcnder und die syrischen Hausmusiker fanden im Eck 160 ihre Base.<br>G8, der Ganztag im Schulsystem und Corona haben das Vereinsleben bedroht und viele Mitglieder d<\/p>\n\n\n\n<p>eaktiviert.<br>Das Hochwasser hat dann noch zugeschlagen und fast die gesamte Technik zerst\u00f6rt, da der Keller komplett geflutet war.<\/p>\n\n\n\n<p><br>Aber, der KERN des Vereins und viele Freunde und Bekannte haben die Sch\u00e4den beseitigt und den Verein wieder wachgek\u00fcsst.<\/p>\n","protected":false},"excerpt":{"rendered":"<p>WIR sind bunt! WIR, sind nicht mehr der M\u00e4dchenchor, sondern BUNT. Bei uns wird das gelebt, wovon andere sprechen.Hier wird etwas getan, gemeinsam und mit Freude. Hier z\u00e4hlt das WIR. WIR sind BUNT und haben Respekt!&nbsp;WIR bleiben und wachsen.WIR f\u00f6rdern und schaffen R\u00e4ume.WIR setzen Zeichen und pr\u00e4sentieren uns.WIR gehen wieder auf Reisen. WIR engagieren uns, [&hellip;]<\/p>\n","protected":false},"author":2,"featured_media":0,"parent":0,"menu_order":0,"comment_status":"closed","ping_status":"closed","template":"","meta":{"footnotes":""},"class_list":["post-32","page","type-page","status-publish","hentry"],"_links":{"self":[{"href":"https:\/\/www.eck160.de\/index.php?rest_route=\/wp\/v2\/pages\/32","targetHints":{"allow":["GET"]}}],"collection":[{"href":"https:\/\/www.eck160.de\/index.php?rest_route=\/wp\/v2\/pages"}],"about":[{"href":"https:\/\/www.eck160.de\/index.php?rest_route=\/wp\/v2\/types\/page"}],"author":[{"embeddable":true,"href":"https:\/\/www.eck160.de\/index.php?rest_route=\/wp\/v2\/users\/2"}],"replies":[{"embeddable":true,"href":"https:\/\/www.eck160.de\/index.php?rest_route=%2Fwp%2Fv2%2Fcomments&post=32"}],"version-history":[{"count":7,"href":"https:\/\/www.eck160.de\/index.php?rest_route=\/wp\/v2\/pages\/32\/revisions"}],"predecessor-version":[{"id":271,"href":"https:\/\/www.eck160.de\/index.php?rest_route=\/wp\/v2\/pages\/32\/revisions\/271"}],"wp:attachment":[{"href":"https:\/\/www.eck160.de\/index.php?rest_route=%2Fwp%2Fv2%2Fmedia&parent=32"}],"curies":[{"name":"wp","href":"https:\/\/api.w.org\/{rel}","templated":true}]}}

<p><strong>WIR sind bunt!</strong></p>



<div class="wp-block-columns is-layout-flex wp-container-core-columns-is-layout-28f84493 wp-block-columns-is-layout-flex">
<div class="wp-block-column is-layout-flow wp-block-column-is-layout-flow">
<p>WIR, sind nicht mehr der Mädchenchor, sondern BUNT. Bei uns wird das gelebt, wovon andere sprechen.<br>Hier wird etwas getan, gemeinsam und mit Freude. Hier zählt das WIR.</p>
</div>



<div class="wp-block-column is-layout-flow wp-block-column-is-layout-flow">
<figure class="wp-block-image size-full"><img loading="lazy" decoding="async" width="500" height="363" src="https://www.eck160.de/wp-content/uploads/2023/08/sylt_2013_kl.jpg" alt="Chor Sylt 2013" class="wp-image-95" srcset="https://www.eck160.de/wp-content/uploads/2023/08/sylt_2013_kl.jpg 500w, https://www.eck160.de/wp-content/uploads/2023/08/sylt_2013_kl-300x218.jpg 300w" sizes="auto, (max-width: 500px) 100vw, 500px" /><figcaption class="wp-element-caption">Sylt 2013</figcaption></figure>
</div>
</div>



<div class="wp-block-columns is-layout-flex wp-container-core-columns-is-layout-28f84493 wp-block-columns-is-layout-flex">
<div class="wp-block-column is-layout-flow wp-block-column-is-layout-flow">
<figure class="wp-block-image size-full"><img loading="lazy" decoding="async" width="1000" height="715" src="https://www.eck160.de/wp-content/uploads/2023/08/menden.jpg" alt="Chor Menden" class="wp-image-94" srcset="https://www.eck160.de/wp-content/uploads/2023/08/menden.jpg 1000w, https://www.eck160.de/wp-content/uploads/2023/08/menden-300x215.jpg 300w, https://www.eck160.de/wp-content/uploads/2023/08/menden-768x549.jpg 768w" sizes="auto, (max-width: 1000px) 100vw, 1000px" /><figcaption class="wp-element-caption">Menden</figcaption></figure>
</div>



<div class="wp-block-column is-layout-flow wp-block-column-is-layout-flow">
<p><strong>WIR </strong>sind BUNT und haben Respekt!<br>&nbsp;<br><strong>WIR</strong> bleiben und wachsen.<br><strong>WIR</strong> fördern und schaffen Räume.<br><strong>WIR</strong> setzen Zeichen und <br>          präsentieren uns.<br><strong>WIR </strong>gehen wieder auf Reisen.</p>
</div>
</div>



<p><strong>WIR </strong>engagieren uns, zeigen Dank in Seniorenheimen, Kinderkliniken,  Demenzstationen, …</p>



<p><strong>WIR </strong>freuen uns auf viele weitere Jahre in unserem offenen Vereinsheim, unserem Eck 160.</p>



<p><br>Den Sauerländer Mädchenchor hat nach 30 erfolgreichen Jahren die Zeit überholt. Werner und Magda Giesen mussten altersbedingt ihr Lebenswerk verlassen. Die Volmespatzen mussten sich neu erfinden, um zu überleben.<br>Der Verein und das Vereinsheim wurde komplett „entrümpelt“ und neu aufgestellt.</p>



<p class="has-text-align-right"> <img loading="lazy" decoding="async" width="400" height="110" class="wp-image-96" style="width: 400px;" src="https://www.eck160.de/wp-content/uploads/2023/08/logo_acm_web.png" alt="" srcset="https://www.eck160.de/wp-content/uploads/2023/08/logo_acm_web.png 499w, https://www.eck160.de/wp-content/uploads/2023/08/logo_acm_web-300x82.png 300w" sizes="auto, (max-width: 400px) 100vw, 400px" /></p>



<p>Die Akademie für Chor und Musik wurde 2010 „geboren“ und der Verein „geöffnet“.</p>



<p><br>Der Verein konnte nun wieder neue Mitglieder gewinnen, denn von den einst über 100 Mitgliedern war nur noch eine Kerntruppe von ca. 15 Mitgliedern / &lt; 10 Sängerinnen übrig!<br>.Es wurden neue Chöre – alt und jung – und Musical-Projekte aufgebaut.<br>In 2013 waren wieder über 80 Mitglieder / Sänger:innen aktiv!<br>Um das Vereinsheim weiter finanzieren zu können und zu „beleben“ wurde die Vermietung forciert. Die NWV, Naturwissenschaftliche Vereinigung Hagen, brauchte einen neuen Sitz und zog ein.</p>



<p>Das „Eck 160“ wurde zu einem <strong>Treffpunkt von „Natur und Musik“! </strong>Weitere Gruppen, wie die Gitarren, die Spätzünder und die syrischen Hausmusiker fanden im Eck 160 ihre Base.<br>G8, der Ganztag im Schulsystem und Corona haben das Vereinsleben bedroht und viele Mitglieder d</p>



<p>eaktiviert.<br>Das Hochwasser hat dann noch zugeschlagen und fast die gesamte Technik zerstört, da der Keller komplett geflutet war.</p>



<p><br>Aber, der KERN des Vereins und viele Freunde und Bekannte haben die Schäden beseitigt und den Verein wieder wachgeküsst.</p>

<p>WIR sind bunt! WIR, sind nicht mehr der Mädchenchor, sondern BUNT. Bei uns wird das gelebt, wovon andere sprechen.Hier wird etwas getan, gemeinsam und mit Freude. Hier zählt das WIR. WIR sind BUNT und haben Respekt!&nbsp;WIR bleiben und wachsen.WIR fördern und schaffen Räume.WIR setzen Zeichen und präsentieren uns.WIR gehen wieder auf Reisen. WIR engagieren uns, [&hellip;]</p>
