{"id":34,"date":"2023-06-14T11:58:35","date_gmt":"2023-06-14T11:58:35","guid":{"rendered":"https:\/\/www.eck160.de\/?page_id=34"},"modified":"2023-08-22T14:06:36","modified_gmt":"2023-08-22T14:06:36","slug":"haus-der-natur","status":"publish","type":"page","link":"https:\/\/www.eck160.de\/?page_id=34","title":{"rendered":"Haus der Natur"},"content":{"rendered":"\n<p>Naturwissenschaftliche Vereinigung Hagen e.V.<\/p>\n\n\n\n<div class=\"wp-block-columns is-layout-flex wp-container-core-columns-is-layout-28f84493 wp-block-columns-is-layout-flex\">\n<div class=\"wp-block-column is-layout-flow wp-block-column-is-layout-flow\">\n<p>Die Naturwissenschaftliche Vereinigung Hagen e.V. wurde am 15.12.1949, auf Initiative des Schulamtes der Stadt Hagen von 1946, gegr\u00fcndet. Zu den damaligen Initiatoren z\u00e4hlten: Lehrer Paul Engemann, Lehrerin Hildegard Hestermann, Lehrer Herbert Kersberg, Rektor Wilm Langhorst, Chemierat Dr. Heinrich Schaake und Rektor Alexander Schr\u00f6der.<\/p>\n\n\n\n<p>Zur damaligen Zeit war die NWV \u201eder Bildungsverein&#8220; und sozusagen der Vorl\u00e4ufer der Volkshochschule. Naturliebhaber aus dem Raum Hagen trafen sich damals zu Vortr\u00e4gen und naturkundlichen Wanderungen.<\/p>\n<\/div>\n\n\n\n<div class=\"wp-block-column is-layout-flow wp-block-column-is-layout-flow\">\n<figure class=\"wp-block-image size-full\"><img loading=\"lazy\" decoding=\"async\" width=\"900\" height=\"675\" src=\"https:\/\/www.eck160.de\/wp-content\/uploads\/2023\/08\/Bild-1.jpg\" alt=\"Bario-pharmakosiderit\" class=\"wp-image-174\" srcset=\"https:\/\/www.eck160.de\/wp-content\/uploads\/2023\/08\/Bild-1.jpg 900w, https:\/\/www.eck160.de\/wp-content\/uploads\/2023\/08\/Bild-1-300x225.jpg 300w, https:\/\/www.eck160.de\/wp-content\/uploads\/2023\/08\/Bild-1-768x576.jpg 768w\" sizes=\"auto, (max-width: 900px) 100vw, 900px\" \/><figcaption class=\"wp-element-caption\">Bario-pharmakosiderit<br>Grube Clara<br>Bildbreite 1mm<\/figcaption><\/figure>\n\n\n\n<figure class=\"wp-block-image size-large\"><img loading=\"lazy\" decoding=\"async\" width=\"1024\" height=\"683\" src=\"https:\/\/www.eck160.de\/wp-content\/uploads\/2023\/08\/Bild-2-1024x683.jpg\" alt=\"Craspedites subditus\" class=\"wp-image-175\" srcset=\"https:\/\/www.eck160.de\/wp-content\/uploads\/2023\/08\/Bild-2-1024x683.jpg 1024w, https:\/\/www.eck160.de\/wp-content\/uploads\/2023\/08\/Bild-2-300x200.jpg 300w, https:\/\/www.eck160.de\/wp-content\/uploads\/2023\/08\/Bild-2-768x512.jpg 768w, https:\/\/www.eck160.de\/wp-content\/uploads\/2023\/08\/Bild-2-1536x1024.jpg 1536w, https:\/\/www.eck160.de\/wp-content\/uploads\/2023\/08\/Bild-2-2048x1365.jpg 2048w\" sizes=\"auto, (max-width: 1024px) 100vw, 1024px\" \/><figcaption class=\"wp-element-caption\">Craspedites subditus\n\nIwanowo, Wolga\n\nobere Malm bis untere Kreide<\/figcaption><\/figure>\n<\/div>\n<\/div>\n\n\n\n<p><strong>Der Leitsatz der NWV lautet:<\/strong><\/p>\n\n\n\n<p><strong>Nur wer die naturwissenschaftlichen Zusammenh\u00e4nge erkennt, kann unsere Umwelt wirksam sch\u00fctzen!<\/strong><\/p>\n\n\n\n<div class=\"wp-block-columns is-layout-flex wp-container-core-columns-is-layout-28f84493 wp-block-columns-is-layout-flex\">\n<div class=\"wp-block-column is-layout-flow wp-block-column-is-layout-flow\">\n<p>Die Aufgaben der NWV:<\/p>\n\n\n\n<p>Vermittlung des Interesses f\u00fcr unsere heimische Landschaft, ihren Aufbau und ihr Werden, ihre Pflanzen- und Tierwelt, ihre Geologie mit Mineralogie und Pal\u00e4ontologie. Im Laufe der Jahre entstanden Fachbereiche unter der F\u00fchrung der NWV-Hagen, die sich mit der Vermittlung von Wissen \u00fcber die Natur in den Bereichen Biologie\/Botanik, Geologie\/Pal\u00e4ontologie\/Mineralogie und Mikroskopie besch\u00e4ftigten. Auch heutzutage werden biologische Exkursionen in die n\u00e4here Umgebung von Hagen und geologische Exkursionen zu verschiedenen Steinbr\u00fcchen organisiert. Weiterhin gibt es in der Eckeseyer Stra\u00dfe 160 regelm\u00e4\u00dfig Vortr\u00e4ge und Workshops, und in einer Werkstatt k\u00f6nnen Mineralien und Fossilien bearbeitet werden.<\/p>\n\n\n\n<p><a href=\"https:\/\/www.nwv-hagen.de\/\">https:\/\/www.nwv-hagen.de\/<\/a><\/p>\n<\/div>\n\n\n\n<div class=\"wp-block-column is-layout-flow wp-block-column-is-layout-flow\">\n<figure class=\"wp-block-image size-large\"><img loading=\"lazy\" decoding=\"async\" width=\"1024\" height=\"683\" src=\"https:\/\/www.eck160.de\/wp-content\/uploads\/2023\/08\/Bild-3-1024x683.jpg\" alt=\"gef\u00e4rbter Mikrotomschnitt\nvon der Wollziest\" class=\"wp-image-176\" srcset=\"https:\/\/www.eck160.de\/wp-content\/uploads\/2023\/08\/Bild-3-1024x683.jpg 1024w, https:\/\/www.eck160.de\/wp-content\/uploads\/2023\/08\/Bild-3-300x200.jpg 300w, https:\/\/www.eck160.de\/wp-content\/uploads\/2023\/08\/Bild-3-768x512.jpg 768w, https:\/\/www.eck160.de\/wp-content\/uploads\/2023\/08\/Bild-3-1536x1024.jpg 1536w, https:\/\/www.eck160.de\/wp-content\/uploads\/2023\/08\/Bild-3-2048x1365.jpg 2048w\" sizes=\"auto, (max-width: 1024px) 100vw, 1024px\" \/><figcaption class=\"wp-element-caption\">gef\u00e4rbter Mikrotomschnitt\n\nvon der Wollziest<\/figcaption><\/figure>\n\n\n\n<figure class=\"wp-block-image size-large\"><img loading=\"lazy\" decoding=\"async\" width=\"576\" height=\"1024\" src=\"https:\/\/www.eck160.de\/wp-content\/uploads\/2023\/08\/Bild-4-576x1024.jpg\" alt=\"M\u00e4rzenbecher bei\nSchloss Br\u00fcnninghaus\" class=\"wp-image-177\" srcset=\"https:\/\/www.eck160.de\/wp-content\/uploads\/2023\/08\/Bild-4-576x1024.jpg 576w, https:\/\/www.eck160.de\/wp-content\/uploads\/2023\/08\/Bild-4-169x300.jpg 169w, https:\/\/www.eck160.de\/wp-content\/uploads\/2023\/08\/Bild-4-768x1365.jpg 768w, https:\/\/www.eck160.de\/wp-content\/uploads\/2023\/08\/Bild-4-864x1536.jpg 864w, https:\/\/www.eck160.de\/wp-content\/uploads\/2023\/08\/Bild-4-1152x2048.jpg 1152w, https:\/\/www.eck160.de\/wp-content\/uploads\/2023\/08\/Bild-4-scaled.jpg 1440w\" sizes=\"auto, (max-width: 576px) 100vw, 576px\" \/><figcaption class=\"wp-element-caption\">M\u00e4rzenbecher bei\n\nSchloss Br\u00fcnninghaus<\/figcaption><\/figure>\n<\/div>\n<\/div>\n\n\n\n<div class=\"wp-block-columns is-layout-flex wp-container-core-columns-is-layout-28f84493 wp-block-columns-is-layout-flex\">\n<div class=\"wp-block-column is-layout-flow wp-block-column-is-layout-flow\" style=\"flex-basis:100%\">\n<p class=\"has-medium-font-size\"><\/p>\n<\/div>\n<\/div>\n","protected":false},"excerpt":{"rendered":"<p>Naturwissenschaftliche Vereinigung Hagen e.V. Die Naturwissenschaftliche Vereinigung Hagen e.V. wurde am 15.12.1949, auf Initiative des Schulamtes der Stadt Hagen von 1946, gegr\u00fcndet. Zu den damaligen Initiatoren z\u00e4hlten: Lehrer Paul Engemann, Lehrerin Hildegard Hestermann, Lehrer Herbert Kersberg, Rektor Wilm Langhorst, Chemierat Dr. Heinrich Schaake und Rektor Alexander Schr\u00f6der. Zur damaligen Zeit war die NWV \u201eder Bildungsverein&#8220; [&hellip;]<\/p>\n","protected":false},"author":2,"featured_media":0,"parent":0,"menu_order":0,"comment_status":"closed","ping_status":"closed","template":"","meta":{"footnotes":""},"class_list":["post-34","page","type-page","status-publish","hentry"],"_links":{"self":[{"href":"https:\/\/www.eck160.de\/index.php?rest_route=\/wp\/v2\/pages\/34","targetHints":{"allow":["GET"]}}],"collection":[{"href":"https:\/\/www.eck160.de\/index.php?rest_route=\/wp\/v2\/pages"}],"about":[{"href":"https:\/\/www.eck160.de\/index.php?rest_route=\/wp\/v2\/types\/page"}],"author":[{"embeddable":true,"href":"https:\/\/www.eck160.de\/index.php?rest_route=\/wp\/v2\/users\/2"}],"replies":[{"embeddable":true,"href":"https:\/\/www.eck160.de\/index.php?rest_route=%2Fwp%2Fv2%2Fcomments&post=34"}],"version-history":[{"count":8,"href":"https:\/\/www.eck160.de\/index.php?rest_route=\/wp\/v2\/pages\/34\/revisions"}],"predecessor-version":[{"id":179,"href":"https:\/\/www.eck160.de\/index.php?rest_route=\/wp\/v2\/pages\/34\/revisions\/179"}],"wp:attachment":[{"href":"https:\/\/www.eck160.de\/index.php?rest_route=%2Fwp%2Fv2%2Fmedia&parent=34"}],"curies":[{"name":"wp","href":"https:\/\/api.w.org\/{rel}","templated":true}]}}

<p>Naturwissenschaftliche Vereinigung Hagen e.V.</p>



<div class="wp-block-columns is-layout-flex wp-container-core-columns-is-layout-28f84493 wp-block-columns-is-layout-flex">
<div class="wp-block-column is-layout-flow wp-block-column-is-layout-flow">
<p>Die Naturwissenschaftliche Vereinigung Hagen e.V. wurde am 15.12.1949, auf Initiative des Schulamtes der Stadt Hagen von 1946, gegründet. Zu den damaligen Initiatoren zählten: Lehrer Paul Engemann, Lehrerin Hildegard Hestermann, Lehrer Herbert Kersberg, Rektor Wilm Langhorst, Chemierat Dr. Heinrich Schaake und Rektor Alexander Schröder.</p>



<p>Zur damaligen Zeit war die NWV „der Bildungsverein&#8220; und sozusagen der Vorläufer der Volkshochschule. Naturliebhaber aus dem Raum Hagen trafen sich damals zu Vorträgen und naturkundlichen Wanderungen.</p>
</div>



<div class="wp-block-column is-layout-flow wp-block-column-is-layout-flow">
<figure class="wp-block-image size-full"><img loading="lazy" decoding="async" width="900" height="675" src="https://www.eck160.de/wp-content/uploads/2023/08/Bild-1.jpg" alt="Bario-pharmakosiderit" class="wp-image-174" srcset="https://www.eck160.de/wp-content/uploads/2023/08/Bild-1.jpg 900w, https://www.eck160.de/wp-content/uploads/2023/08/Bild-1-300x225.jpg 300w, https://www.eck160.de/wp-content/uploads/2023/08/Bild-1-768x576.jpg 768w" sizes="auto, (max-width: 900px) 100vw, 900px" /><figcaption class="wp-element-caption">Bario-pharmakosiderit<br>Grube Clara<br>Bildbreite 1mm</figcaption></figure>



<figure class="wp-block-image size-large"><img loading="lazy" decoding="async" width="1024" height="683" src="https://www.eck160.de/wp-content/uploads/2023/08/Bild-2-1024x683.jpg" alt="Craspedites subditus" class="wp-image-175" srcset="https://www.eck160.de/wp-content/uploads/2023/08/Bild-2-1024x683.jpg 1024w, https://www.eck160.de/wp-content/uploads/2023/08/Bild-2-300x200.jpg 300w, https://www.eck160.de/wp-content/uploads/2023/08/Bild-2-768x512.jpg 768w, https://www.eck160.de/wp-content/uploads/2023/08/Bild-2-1536x1024.jpg 1536w, https://www.eck160.de/wp-content/uploads/2023/08/Bild-2-2048x1365.jpg 2048w" sizes="auto, (max-width: 1024px) 100vw, 1024px" /><figcaption class="wp-element-caption">Craspedites subditus

Iwanowo, Wolga

obere Malm bis untere Kreide</figcaption></figure>
</div>
</div>



<p><strong>Der Leitsatz der NWV lautet:</strong></p>



<p><strong>Nur wer die naturwissenschaftlichen Zusammenhänge erkennt, kann unsere Umwelt wirksam schützen!</strong></p>



<div class="wp-block-columns is-layout-flex wp-container-core-columns-is-layout-28f84493 wp-block-columns-is-layout-flex">
<div class="wp-block-column is-layout-flow wp-block-column-is-layout-flow">
<p>Die Aufgaben der NWV:</p>



<p>Vermittlung des Interesses für unsere heimische Landschaft, ihren Aufbau und ihr Werden, ihre Pflanzen- und Tierwelt, ihre Geologie mit Mineralogie und Paläontologie. Im Laufe der Jahre entstanden Fachbereiche unter der Führung der NWV-Hagen, die sich mit der Vermittlung von Wissen über die Natur in den Bereichen Biologie/Botanik, Geologie/Paläontologie/Mineralogie und Mikroskopie beschäftigten. Auch heutzutage werden biologische Exkursionen in die nähere Umgebung von Hagen und geologische Exkursionen zu verschiedenen Steinbrüchen organisiert. Weiterhin gibt es in der Eckeseyer Straße 160 regelmäßig Vorträge und Workshops, und in einer Werkstatt können Mineralien und Fossilien bearbeitet werden.</p>



<p><a href="https://www.nwv-hagen.de/">https://www.nwv-hagen.de/</a></p>
</div>



<div class="wp-block-column is-layout-flow wp-block-column-is-layout-flow">
<figure class="wp-block-image size-large"><img loading="lazy" decoding="async" width="1024" height="683" src="https://www.eck160.de/wp-content/uploads/2023/08/Bild-3-1024x683.jpg" alt="gefärbter Mikrotomschnitt
von der Wollziest" class="wp-image-176" srcset="https://www.eck160.de/wp-content/uploads/2023/08/Bild-3-1024x683.jpg 1024w, https://www.eck160.de/wp-content/uploads/2023/08/Bild-3-300x200.jpg 300w, https://www.eck160.de/wp-content/uploads/2023/08/Bild-3-768x512.jpg 768w, https://www.eck160.de/wp-content/uploads/2023/08/Bild-3-1536x1024.jpg 1536w, https://www.eck160.de/wp-content/uploads/2023/08/Bild-3-2048x1365.jpg 2048w" sizes="auto, (max-width: 1024px) 100vw, 1024px" /><figcaption class="wp-element-caption">gefärbter Mikrotomschnitt

von der Wollziest</figcaption></figure>



<figure class="wp-block-image size-large"><img loading="lazy" decoding="async" width="576" height="1024" src="https://www.eck160.de/wp-content/uploads/2023/08/Bild-4-576x1024.jpg" alt="Märzenbecher bei
Schloss Brünninghaus" class="wp-image-177" srcset="https://www.eck160.de/wp-content/uploads/2023/08/Bild-4-576x1024.jpg 576w, https://www.eck160.de/wp-content/uploads/2023/08/Bild-4-169x300.jpg 169w, https://www.eck160.de/wp-content/uploads/2023/08/Bild-4-768x1365.jpg 768w, https://www.eck160.de/wp-content/uploads/2023/08/Bild-4-864x1536.jpg 864w, https://www.eck160.de/wp-content/uploads/2023/08/Bild-4-1152x2048.jpg 1152w, https://www.eck160.de/wp-content/uploads/2023/08/Bild-4-scaled.jpg 1440w" sizes="auto, (max-width: 576px) 100vw, 576px" /><figcaption class="wp-element-caption">Märzenbecher bei

Schloss Brünninghaus</figcaption></figure>
</div>
</div>



<div class="wp-block-columns is-layout-flex wp-container-core-columns-is-layout-28f84493 wp-block-columns-is-layout-flex">
<div class="wp-block-column is-layout-flow wp-block-column-is-layout-flow" style="flex-basis:100%">
<p class="has-medium-font-size"></p>
</div>
</div>

<p>Naturwissenschaftliche Vereinigung Hagen e.V. Die Naturwissenschaftliche Vereinigung Hagen e.V. wurde am 15.12.1949, auf Initiative des Schulamtes der Stadt Hagen von 1946, gegründet. Zu den damaligen Initiatoren zählten: Lehrer Paul Engemann, Lehrerin Hildegard Hestermann, Lehrer Herbert Kersberg, Rektor Wilm Langhorst, Chemierat Dr. Heinrich Schaake und Rektor Alexander Schröder. Zur damaligen Zeit war die NWV „der Bildungsverein&#8220; [&hellip;]</p>
